8?
44
Calculate the greatest common factor of 17585070 and 342.
114
Calculate the highest common factor of 29 and 196681.
1
Calculate the greatest common factor of 1982844 and 1332.
36
What is the highest common factor of 270774 and 704872?
4298
Calculate the highest common factor of 105051 and 32883.
291
What is the greatest common divisor of 12 and 601832984?
4
Calculate the greatest common divisor of 48347 and 301613.
13
Calculate the highest common divisor of 2875125 and 65.
5
Calculate the greatest common divisor of 678963936 and 19.
19
What is the greatest common divisor of 18 and 4745763?
9
What is the greatest common divisor of 7608 and 15782136?
24
Calculate the highest common divisor of 8552209 and 7961.
419
Calculate the highest common divisor of 559 and 296667449.
559
Calculate the highest common factor of 10953 and 497277.
9
What is the greatest common divisor of 5304439 and 3325?
133
What is the greatest common factor of 19798 and 28766?
38
Calculate the highest common divisor of 29462672 and 48.
16
What is the highest common factor of 1253741 and 4?
1
Calculate the highest common factor of 55855429 and 5649.
1883
Calculate the highest common divisor of 10417554 and 35931.
609
Calculate the highest common divisor of 5117465 and 10160.
635
Calculate the greatest common factor of 745967 and 7983.
887
What is the highest common factor of 604 and 627846524?
604
Calculate the highest common factor of 158396 and 6636.
28
Calculate the greatest common divisor of 434988 and 5676.
516
What is the highest common factor of 1207977192 and 216?
216
What is the greatest common divisor of 2500 and 142900?
100
Calculate the highest common factor of 344 and 1006931.
43
Calculate the greatest common divisor of 17723 and 36963.
37
What is the greatest common divisor of 230 and 1151143330?
230
What is the highest common divisor of 955 and 12731105?
955
Calculate the highest common factor of 2402810 and 18535.
1685
Calculate the greatest common factor of 4183 and 7844535.
47
What is the highest common divisor of 852 and 404004?
12
Calculate the greatest common factor of 13952 and 127748.
436
What is the highest common factor of 20 and 5583635?
5
Calculate the highest common factor of 81766259 and 246.
41
Calculate the highest common divisor of 245 and 13054776.
49
What is the highest common divisor of 3092 and 1825826?
1546
Calculate the greatest common divisor of 394723193 and 9778.
4889
Calculate the highest common factor of 18 and 146375904.
6
Calculate the greatest common divisor of 9732 and 14702619.
2433
What is the highest common factor of 1110 and 30486?
6
Calculate the highest common divisor of 666 and 42245934.
222
What is the highest common factor of 3528 and 3053288?
392
Calculate the highest common factor of 2448930 and 48146.
362
What is the highest common factor of 1893 and 33079544?
631
What is the highest common divisor of 354 and 1307826627?
177
What is the greatest common factor of 2364 and 123149428?
788
What is the highest common factor of 391 and 6475604?
23
Calculate the greatest common divisor of 774789 and 83739.
813
Calculate the highest common divisor of 977 and 50326247.
977
Calculate the highest common factor of 2867 and 286747.
47
Calculate the highest common factor of 10296 and 213564.
156
What is the greatest common divisor of 88544 and 444512?
32
What is the greatest common factor of 7774 and 2312617294?
7774
What is the greatest common divisor of 3279817 and 1757?
251
Calculate the highest common divisor of 1333131 and 7209.
267
Calculate the highest common divisor of 441 and 367000893.
63
Calculate the greatest common divisor of 378 and 65740962.
42
What is the highest common factor of 1819923 and 1743133?
7679
What is the greatest common factor of 849615 and 15171?
39
Calculate the greatest common factor of 352 and 22943712.
352
What is the greatest common factor of 560441 and 1817?
23
What is the highest common factor of 8983332 and 148518?
4014
Calculate the highest common factor of 1667796 and 250848.
156
What is the greatest common factor of 19671848 and 90781?
3947
What is the highest common divisor of 18846666 and 15762?
426
What is the highest common factor of 19295476 and 43?
43
Calculate the greatest common divisor of 28151484 and 132.
12
What is the greatest common divisor of 434367 and 436101?
867
What is the highest common divisor of 3503 and 536827?
31
What is the greatest common divisor of 2495 and 83308050?
2495
Calculate the highest common factor of 177 and 263508573.
177
What is the highest common divisor of 4371752 and 14168?
616
What is the greatest common factor of 608 and 953496608?
608
What is the greatest common divisor of 92427742 and 836?
418
What is the highest common divisor of 50732 and 15114?
22
Calculate the highest common factor of 1095548 and 306.
34
Calculate the highest common divisor of 1229533 and 5430.
181
Calculate the greatest common divisor of 8 and 6491414.
2
Calculate the highest common factor of 46136 and 498152.
584
What is the greatest common divisor of 49991592 and 1740?
348
Calculate the greatest common divisor of 39783 and 137505.
267
What is the highest common divisor of 43027 and 140571740?
2531
What is the highest common factor of 911 and 952517003?
911
Calculate the greatest common divisor of 61740456 and 24.
24
Calculate the greatest common factor of 206195881 and 20481.
6827
What is the highest common factor of 50934 and 698710?
1306
What is the highest common divisor of 4802328 and 2025?
81
Calculate the greatest common factor of 1583510 and 160.
10
Calculate the greatest common factor of 405 and 2559709755.
405
What is the greatest common divisor of 13648 and 15164634?
1706
Calculate the greatest common factor of 141629657 and 1966.
983
Calculate the highest common divisor of 60816 and 35.
7
Calculate the greatest common divisor of 4104 and 1955214.
342
Calculate the greatest common divisor of 231920 and 240.
80
Calculate the greatest common divisor of 2077687 and 53953.
331
Calculate the greatest common divisor of 191930 and 2897014.
2258
Calculate the greatest common divisor of 1651595 and 55.
55
Calculate the greatest common factor of 516534 and 485754.
114
What is the highest common divisor of 9007146 and 108?
54
Calculate the highest common factor of 5808 and 2473977.
33
Calculate the highest common divisor of 98957529 and 22.
11
Calculate the highest common divisor of 1680442 and 8224353.
6133
What is the highest common divisor of 20341254 and 42?
6
What is the greatest common factor of 1351 and 3596941?
193
What is the greatest common factor of 7066062 and 76?
38
What is the greatest common divisor of 24 and 241651?
1
Calculate the greatest common divisor of 5551406 and 196.
98
What is the greatest common factor of 466 and 1889061014?
466
What is the highest common factor of 1036373 and 27521?
377
Calculate the highest common factor of 998776 and 12.
4
Calculate the highest common divisor of 300482 and 292708.
338
What is the greatest common divisor of 1330 and 519180?
10
What is the highest common factor of 798 and 7318913?
7
What is the greatest common divisor of 416 and 79164928?
32
Calculate the greatest common divisor of 162929330 and 30.
10
Calculate the greatest common factor of 150 and 21065280.
30
What is the greatest common factor of 3253232 and 438674?
3202
What is the highest common factor of 5221315 and 55?
55
Calculate the highest common divisor of 22539 and 448048.
683
What is the highest common divisor of 3525533 and 4819?
79
Calculate the highest common factor of 9606 and 7530.
6
What is the highest common divisor of 24 and 768147060?
12
What is the highest common factor of 305806 and 8774?
214
What is the greatest common divisor of 4872 and 2866563?
609
Calculate the greatest common factor of 800 and 960192.
32
Calculate the highest common factor of 720342 and 2142.
126
What is the highest common factor of 13464680 and 391?
17
What is the highest common factor of 1842 and 1127694504?
1842
Calculate the greatest common divisor of 1299610 and 38870.
1690
What is the highest common divisor of 200 and 290327800?
200
Calculate the greatest common divisor of 80 and 391354560.
80
Calculate the greatest common factor of 230 and 13278544.
